{"id":113,"date":"2015-06-23T21:22:23","date_gmt":"2015-06-23T19:22:23","guid":{"rendered":"http:\/\/nadinechifari.de\/?page_id=113"},"modified":"2026-01-23T12:53:51","modified_gmt":"2026-01-23T10:53:51","slug":"gasttrainer","status":"publish","type":"page","link":"https:\/\/nadinechifari.de\/?page_id=113","title":{"rendered":"Gasttrainer"},"content":{"rendered":"<p><img loading=\"lazy\" decoding=\"async\" class=\" size-medium wp-image-203 alignleft\" src=\"https:\/\/nadinechifari.de\/wp-content\/uploads\/Gasttrainer-300x200.jpg\" alt=\"Gasttrainerin Nadine Chifari\" width=\"300\" height=\"200\" \/><i><span lang=\"DE\">&#8222;Durch mentale St\u00e4rke gewinnt man Turniere und verbessert das Selbstbewusstsein der einzelnen T\u00e4nzer und des Teams.&#8220; <\/span><\/i><\/p>\n<p>Die T\u00e4nzer m\u00fcssen sich ihrer St\u00e4rken bewu\u00dft sein und davon \u00fcberzeugt sein, dass sie auf der Fl\u00e4che in einem Turnier bestehen k\u00f6nnen. Dieses Bewu\u00dftsein, die mentale St\u00e4rke, ist wichtiger Baustein zur St\u00e4rkung der Pr\u00e4senz eines jeden T\u00e4nzers auf der Fl\u00e4che und sch\u00e4rft den Willen zum Sieg in einem Turnier. Dazu bedarf es einer positiven Best\u00e4rkung in den gut ausgepr\u00e4gten F\u00e4higkeiten und einer zielgerichteten Aufarbeitung der Bereiche, die noch verbessert werden m\u00fcssen.<\/p>\n<p>Als Gasttrainerin steht man selbst immer in einem besonderen Licht. Das Training ist anders als bei dem Trainer, der die Paare oder das Formationsteam sonst trainiert. Entsprechend hoch sind die Erwartungen der T\u00e4nzer. Es ist mir immer ein besonderes Anliegen, diesen Erwartungen zu begegnen und ein effektives aber auch spassbringendes Training zu gestalten. Dabei muss ich mich stets auf das jeweilige Leistungsniveau der T\u00e4nzer schnell einstellen und innerhalb einer kurzen Zeit Trainingssequenzen pr\u00e4sentieren und durchf\u00fchren, die dem Leistungsniveau entsprechen und dieses dennoch auch weiterentwickeln.<\/p>\n<p>Das Spektrum kann von einem einmaligen Gastraining bis hin zu ganzen Trainingseinheiten gestaltet sein. Lassen Sie uns diese Herausforderungen gemeinsam angehen. Ich entwickle gerne mit Ihnen gemeinsam ein entsprechendes Konzept, das auch den Teamgeist der T\u00e4nzer aufgreift.<\/p>\n<p style=\"text-align: center;\"><div class=\"clear\"><\/div><a href=\"https:\/\/nadinechifari.de\/?page_id=92\"  title=\"Termin vereinbaren\" class=\"simple-btn-medium btn-align-left\" style=\"background-color:#ff6a8a; color:#ffffff\">Termin vereinbaren<\/a><div class=\"clear\"><\/div><\/p>\n","protected":false},"excerpt":{"rendered":"<p>&#8222;Durch mentale St\u00e4rke gewinnt man Turniere und verbessert das Selbstbewusstsein der einzelnen T\u00e4nzer und des Teams.&#8220; Die T\u00e4nzer m\u00fcssen sich ihrer St\u00e4rken bewu\u00dft sein und davon \u00fcberzeugt sein, dass sie auf der Fl\u00e4che in einem Turnier bestehen k\u00f6nnen. Dieses Bewu\u00dftsein, die mentale St\u00e4rke, ist wichtiger Baustein zur St\u00e4rkung der Pr\u00e4senz eines jeden T\u00e4nzers auf der&#8230; <\/p>\n","protected":false},"author":1,"featured_media":0,"parent":0,"menu_order":0,"comment_status":"closed","ping_status":"closed","template":"full-width.php","meta":{"footnotes":""},"class_list":["post-113","page","type-page","status-publish","hentry"],"_links":{"self":[{"href":"https:\/\/nadinechifari.de\/index.php?rest_route=\/wp\/v2\/pages\/113","targetHints":{"allow":["GET"]}}],"collection":[{"href":"https:\/\/nadinechifari.de\/index.php?rest_route=\/wp\/v2\/pages"}],"about":[{"href":"https:\/\/nadinechifari.de\/index.php?rest_route=\/wp\/v2\/types\/page"}],"author":[{"embeddable":true,"href":"https:\/\/nadinechifari.de\/index.php?rest_route=\/wp\/v2\/users\/1"}],"replies":[{"embeddable":true,"href":"https:\/\/nadinechifari.de\/index.php?rest_route=%2Fwp%2Fv2%2Fcomments&post=113"}],"version-history":[{"count":16,"href":"https:\/\/nadinechifari.de\/index.php?rest_route=\/wp\/v2\/pages\/113\/revisions"}],"predecessor-version":[{"id":400,"href":"https:\/\/nadinechifari.de\/index.php?rest_route=\/wp\/v2\/pages\/113\/revisions\/400"}],"wp:attachment":[{"href":"https:\/\/nadinechifari.de\/index.php?rest_route=%2Fwp%2Fv2%2Fmedia&parent=113"}],"curies":[{"name":"wp","href":"https:\/\/api.w.org\/{rel}","templated":true}]}}