{"id":92,"date":"2015-06-20T19:43:57","date_gmt":"2015-06-20T17:43:57","guid":{"rendered":"http:\/\/nadinechifari.de\/?page_id=92"},"modified":"2026-01-23T12:53:51","modified_gmt":"2026-01-23T10:53:51","slug":"kontakt","status":"publish","type":"page","link":"https:\/\/nadinechifari.de\/?page_id=92","title":{"rendered":"Kontakt"},"content":{"rendered":"<p><a href=\"https:\/\/nadinechifari.de\/wp-content\/uploads\/kontakt.png\"><img loading=\"lazy\" decoding=\"async\" class=\" size-full wp-image-235 alignleft\" src=\"http:\/\/nadinechifari.de\/wp-content\/uploads\/kontakt.png\" alt=\"Kontakt - Nadine Chifari\" width=\"180\" height=\"141\" \/><\/a>\u00dcber das Kontaktformular k\u00f6nnen Sie mir eine Nachricht zukommen lassen, wenn Sie gerade auf Ihren Mailaccount keinen Zugriff haben oder schnell mal \u00fcber den Browser eine Nachricht absetzen m\u00f6chten.<\/p>\n<p>Anfragen und W\u00fcnsche, am Besten mit Telefonnummer, sind gerne willkommen. Dann kann ich Sie gerne zur\u00fcckrufen und so eine aufw\u00e4ndige und zeitintensive Kommunikation via Email vermeiden. Telefonisch kl\u00e4ren sich Dinge erfahrungsgem\u00e4\u00df einfach schneller.<\/p>\n<p>Wenn Sie f\u00fcr ein Training bereits einen konkreten Terminwunsch haben, lassen Sie es mich wissen.<\/p>\n<div class=\"main-form-area\" id=\"contactform_main\"><div class=\"contact-form\"><form method=\"post\" action=\"\"><p><input type=\"text\" placeholder=\"Name\" value=\"\" name=\"c_name\" \/> \n\t<span <\/span><\/p><p><input type=\"text\" placeholder=\"Email\" value=\"\" name=\"c_email\" \/>\n\t<span <\/span><\/p><p><input type=\"tel\" placeholder=\"Telefon (freiwillig)\" value=\"\" name=\"c_phone\" \/>\n\t<span <\/span><\/p><p><textarea placeholder=\"Nachricht\" rows=\"10\" name=\"c_comments\"><\/textarea>\n\t<span <\/span><\/p><p><input type=\"checkbox\" value=\"checked\"  name=\"c_dataprotect\" \/> Mit der Verwendung, technischen Verarbeitung und Speicherung meiner Daten zum Zweck der Beauskunftung meiner Anfrage, erkl&auml;re ich mich ausdr&uuml;cklich einverstanden. Ich bin ebenfalls einverstanden, dass meine Daten und die vorstehende Nachricht zum Zweck des Datentransports \u00fcber die Systeme zwischengeschalteter Anbieter geleitet und dort zum Zweck des Weitertransports zwischengespeichert werden. Meine Daten werden nicht zu Werbezwecken an Dritte weitergeleitet. Den Widerruf der Einwilligung kann ich jederzeit an die im <a href=\"https:\/\/nadinechifari.de\/?page_id=68\">Impressum<\/a> genannte Adresse oder per Email an info@nadinechifari.de richten.\n\t<span <\/span><\/p><p>3 + 2 = <input type=\"text\" class=\"cf_captcha\" placeholder=\"Captcha\" value=\"\" name=\"c_captcha\" \/> \n\t<input type=\"hidden\" name=\"c_captcha_confirm\" value=\"e4da3b7fbbce2345d7772b0674a318d5\"><br><br><input class=\"cf_button\" type=\"submit\" value=\"Absenden\" name=\"c_submit\" \/><span <\/span><\/p><\/form><\/div>\n<p>F\u00fcr die Nutzung des Kontaktformulars verweise ich auf die <a href=\"https:\/\/nadinechifari.de\/?page_id=381\">Datenschutzhinweise<\/a> dieser Webseite. Ebenfalls empfehle ich, dieses Kontaktformular \u00fcber eine <a href=\"https:\/\/nadinechifari.de\/?page_id=92\">verschl\u00fcsselte Verbindung aufzurufen<\/a>, um Ihre Nachricht zu \u00fcbermitteln.<\/p>\n","protected":false},"excerpt":{"rendered":"<p>\u00dcber das Kontaktformular k\u00f6nnen Sie mir eine Nachricht zukommen lassen, wenn Sie gerade auf Ihren Mailaccount keinen Zugriff haben oder schnell mal \u00fcber den Browser eine Nachricht absetzen m\u00f6chten. Anfragen und W\u00fcnsche, am Besten mit Telefonnummer, sind gerne willkommen. Dann kann ich Sie gerne zur\u00fcckrufen und so eine aufw\u00e4ndige und zeitintensive Kommunikation via Email vermeiden&#8230;. <\/p>\n","protected":false},"author":1,"featured_media":0,"parent":0,"menu_order":8,"comment_status":"closed","ping_status":"closed","template":"full-width.php","meta":{"footnotes":""},"class_list":["post-92","page","type-page","status-publish","hentry"],"_links":{"self":[{"href":"https:\/\/nadinechifari.de\/index.php?rest_route=\/wp\/v2\/pages\/92","targetHints":{"allow":["GET"]}}],"collection":[{"href":"https:\/\/nadinechifari.de\/index.php?rest_route=\/wp\/v2\/pages"}],"about":[{"href":"https:\/\/nadinechifari.de\/index.php?rest_route=\/wp\/v2\/types\/page"}],"author":[{"embeddable":true,"href":"https:\/\/nadinechifari.de\/index.php?rest_route=\/wp\/v2\/users\/1"}],"replies":[{"embeddable":true,"href":"https:\/\/nadinechifari.de\/index.php?rest_route=%2Fwp%2Fv2%2Fcomments&post=92"}],"version-history":[{"count":28,"href":"https:\/\/nadinechifari.de\/index.php?rest_route=\/wp\/v2\/pages\/92\/revisions"}],"predecessor-version":[{"id":401,"href":"https:\/\/nadinechifari.de\/index.php?rest_route=\/wp\/v2\/pages\/92\/revisions\/401"}],"wp:attachment":[{"href":"https:\/\/nadinechifari.de\/index.php?rest_route=%2Fwp%2Fv2%2Fmedia&parent=92"}],"curies":[{"name":"wp","href":"https:\/\/api.w.org\/{rel}","templated":true}]}}